rt 14e675 (base 16) to base 10.
1369717
Convert 2021313021 (base 4) to base 6.
20034133
What is -3441542 (base 6) in base 13?
-62558
-32114204 (base 5) to base 8
-1017151
What is 52a3b (base 12) in base 10?
108623
Convert -653475 (base 8) to base 15.
-44d11
What is -984d89 (base 16) in base 13?
-20b620c
Convert 11111100111100001101100 (base 2) to base 3.
120121002111110
What is 200220220221 (base 3) in base 9?
626827
-9c31ad (base 15) to base 14
-dbdc56
Convert -1232611 (base 11) to base 10.
-2140986
-1111110110011101 (base 2) to base 5
-4034200
-320131212 (base 5) to base 4
-11011200323
What is -4142b0 (base 13) in base 4?
-11303310322
What is -2332320 (base 4) in base 5?
-342331
1226bb (base 13) to base 16
69f39
-110111100000101001101 (base 2) to base 8
-6740515
What is 185831 (base 10) in base 15?
3a0db
Convert 65b775 (base 12) to base 16.
18ab89
111101100010111111 (base 2) to base 8
754277
-12663668 (base 9) to base 10
-6242246
-14143330 (base 5) to base 8
-436433
-434046 (base 7) to base 12
-37a79
-1667006 (base 8) to base 15
-99413
-101451250 (base 7) to base 9
-12186481
83a5 (base 16) to base 13
12455
Convert 7848018 (base 9) to base 14.
7bd7d2
What is 175138 (base 10) in base 15?
36d5d
What is 200211010120202 (base 3) in base 10?
10001576
Convert -13b8ad (base 15) to base 14.
-1aa494
What is -1100000102220 (base 3) in base 10?
-708909
What is -153567 (base 14) in base 5?
-142123312
What is -1608358 (base 9) in base 12?
-37015b
What is 1520 (base 9) in base 2?
10010000000
-212c9 (base 14) to base 2
-10011100100010001
What is 618a4 (base 14) in base 10?
234952
What is -353a064 (base 12) in base 13?
-218cb42
-7a8b4 (base 16) to base 14
-d0ccc
Convert -13113331133 (base 4) to base 8.
-7277537
110122220112120 (base 3) to base 5
3210323132
What is 103301001130 (base 4) in base 12?
189a6a4
What is 3403235 (base 6) in base 12?
8351b
What is -122122211010 (base 3) in base 9?
-578733
Convert ca65 (base 14) to base 13.
12bc7
Convert 1160501 (base 9) to base 13.
190b49
-20202002312 (base 4) to base 7
-25003460
What is -130204302 (base 5) in base 8?
-2322023
What is 120000210103 (base 4) in base 14?
b9b919
-99d83 (base 14) to base 8
-1330557
-8a14a8 (base 11) to base 9
-2628760
-372e00 (base 15) to base 6
-132345200
What is 3ad48 (base 14) in base 11?
9a191
What is -7865008 (base 9) in base 10?
-4235498
-8027b (base 13) to base 11
-146aa7
What is -110101000010111110111 (base 2) in base 14?
-333675
What is -5078526 (base 10) in base 7?
-61111125
Convert 18312 (base 16) to base 4.
120030102
699632 (base 10) to base 16
aacf0
What is -10121211200 (base 4) in base 3?
-2011121010122
-1e85a (base 15) to base 16
-185b0
Convert -171428 (base 12) to base 2.
-1100000110000100000
What is 475aa (base 15) in base 2?
110111100001010010
141915 (base 12) to base 6
11102025
-11868561 (base 10) to base 2
-101101010001100110010001
What is -2121213213 (base 5) in base 14?
-847306
Convert 11357 (base 15) to base 12.
27831
Convert 375171 (base 9) to base 4.
313120300
Convert -12320000 (base 5) to base 11.
-82181
What is 4538ca (base 13) in base 12?
66a986
What is -1001210023 (base 4) in base 5?
-32043210
-2bdd9 (base 14) to base 10
-109755
2450126 (base 9) to base 5
320110423
-2311211 (base 4) to base 5
-332441
105301640 (base 7) to base 8
30334044
What is 13110210121 (base 4) in base 9?
3544647
What is 12b087 (base 13) in base 8?
1564125
What is -34e57 (base 16) in base 6?
-4351023
753502 (base 8) to base 15
4e8ae
What is -18c70c (base 13) in base 6?
-21240204
-1305131 (base 6) to base 5
-4233434
Convert -31022323 (base 4) to base 7.
-313165
What is -819dd (base 14) in base 13?
-ac045
Convert 10623 (base 10) to base 6.
121103
What is -9c5c (base 14) in base 5?
-1332010
What is -22195 (base 12) in base 5?
-2421220
Convert 101100001010 (base 2) to base 16.
b0a
58a4 (base 13) to base 12
7273
-12000123311 (base 4) to base 5
-400342040
Convert 100010302 (base 4) to base 11.
45517
-1321dad (base 15) to base 3
-221220220202101
What is -3321233002 (base 4) in base 2?
-11111001101111000010
28304 (base 10) to base 4
12322100
-27b58 (base 12) to base 14
-161a4
-623701 (base 9) to base 13
-cc649
-19465 (base 12) to base 13
-13a78
Convert 22310231001 (base 4) to base 8.
12645501
What is -284761 (base 9) in base 13?
-61342
What is -504334213 (base 6) in base 12?
-2a74369
What is -4500566 (base 7) in base 13?
-165776
What is -582525 (base 9) in base 12?
-14a3ab
2231204442 (base 5) to base 8
22670764
What is -11433402004 (base 5) in base 3?
-221112200202012
What is -20000411 (base 5) in base 2?
-100110001011000100
Convert 335029 (base 12) to base 4.
3013203201
What is 330103022 (base 4) in base 8?
742312
7617344 (base 9) to base 4
33211220320
Convert 263408 (base 9) to base 5.
20104413
3812 (base 12) to base 14
2458
12727a3 (base 11) to base 10
2199772
What is -124513432 (base 6) in base 9?
-4570202
What is -913103 (base 14) in base 15?
-668128
What is 281229 (base 16) in base 10?
2626089
-1064943 (base 12) to base 4
-23321121003
200007 (base 12) to base 8
1714007
Convert 32130312 (base 6) to base 15.
139e85
Convert 14700322 (base 9) to base 4.
123323223203
Convert -12010212 (base 5) to base 11.
-75762
What is -b79516 (base 12) in base 16?
-2c3aa2
Convert 6111666 (base 7) to base 4.
2301030123
Convert -2235584 (base 11) to base 8.
-16741323
Convert -475598 (base 10) to base 2.
-1110100000111001110
115320455 (base 6) to base 5
1032001211
Convert 964e (base 15) to base 3.
1121121202
Convert 3cba (base 16) to base 13.
70cb
What is -30044453 (base 7) in base 3?
-11200002102222
What is 12444611 (base 9) in base 5?
3031033303
What is -a34397 (base 15) in base 13?
-17b90a8
59a000 (base 12) to base 5
332314224
-121507 (base 9) to base 15
-16ac7
What is 27bb5 (base 14) in base 12?
48b03
318045 (base 16) to base 8
14300105
Convert -438a24 (base 11) to base 14.
-14316b
Convert 87491 (base 13) to base 15.
4c75b
3101622 (base 7) to base 10
370407
What is -32103332 (base 4) in base 10?
-58622
What is 43343033 (base 5) in base 2?
1011010101110111011
87b1e (base 16) to base 15
aea3b
What is 14290a (base 11) in base 5?
24122001
Convert 420062 (base 7) to base 3.
10122212102
102740 (base 10) to base 2
11001000101010100
3011002 (base 12) to base 11
5084137
Convert -1202455 (base 7) to base 9.
-251674
430220 (base 6) to base 4
20210010
Convert -142aabc (base 14) to base 13.
-2048a7b
301b44 (base 12) to base 8
2670444
What is -998086 (base 13) in base 5?
-1411210442
814861 (base 9) to base 16
75d0c
-21222331 (base 5) to base 12
-88004
What is 21110112022021 (base 3) in base 16?
3c86f8
What is -392454 (base 11) in base 6?
-21125411
Convert 20034261 (base 7) to base 8.
6241772
What is 13142021 (base 5) in base 9?
218478
184fc0 (base 16) to base 8
6047700
Convert -280660 (base 13) to base 4.
-3231112012
What is 11dd0 (base 16) in base 10?
73168
What is 88075 (base 10) in base 12?
42b77
-143258 (base 12) to base 15
-69e2b
24c3c (base 14) to base 3
11120202021
What is -1200220111 (base 3) in base 2?
-1000001010111010
Convert 4413 (base 15) to base 5.
430133
What is -79571 (base 12) in base 4?
-213123211
Convert 253786 (base 10) to base 9.
426114
-33101434 (base 5) to base 10
-284619
15044625 (base 8) to base 9
6402504
-1011011101011100 (base 2) to base 4
-23131130
What is 5545356 (base 8) in base 7?
15460635
Convert 17197a (base 12) to base 10.
397102
Convert -605948 (base 10) to base 2.
-10010011111011111100
What is 12013230202 (base 4) in base 6?
54215414
Convert -130a0c (base 13) to base 9.
-768162
What is 769184 (base 11) in base 2?
100101011101010000011
What is -212211212020 (base 3) in base 15?
-94119
60bb8 (base 13) to base 3
22210211100
Convert -3031130420 (base 5) to base 13.
-1361150
1424446 (base 7) to base 16
2eb31
What is -99577 (base 10) in base 7?
-563212
Convert 1ecd8 (base 16) to base 14.
33da0
What is 369502 (base 11) in base 13?
175822
Convert -444606 (base 8) to base 2.
-100100100110000110
What is 852be (base 15) in base 7?
3406535
What is 1156104 (base 7) in base 11?
a1696
Convert -287302 (base 9) to base 11.
-110200
105302254 (base 6) to base 10
1936762
Convert 46d0a (base 14) to base 16.
2a28e
27311 (base 12) to base 7
313321
1d2c4 (base 14) to base 11
510a6
Convert 140353331 (base 6